+ k. List the prime factors of d.
2
Let o(d) = -d + 12. Let r be o(8). Let h be (-1 + (0 - 3))*-1. Suppose r*n + g = 45, -h*n + g = -19 - 16. What are the prime factors of n?
2, 5
Suppose j + 7 = 5*a, -j = -0*j + a + 7. Let d = j + -7. Let p = 20 + d. List the prime factors of p.
2, 3
Suppose 2*i - 12 = -4*z, 3*i + 4*z - 1 = 9. Let u = -4 - i. Let w(k) = -k**3 + 2*k**2 + 4*k + 2. What are the prime factors of w(u)?
2, 5
Suppose -3 = -3*g, -4*y + g - 262 = -7*y. List the prime factors of y.
3, 29
Let p = 51 + 74. List the prime factors of p.
5
Let s be (10*-4)/4 + 1. Let x = s + 45. What are the prime factors of x?
2, 3
Suppose -4 = -w - 2*c + 1, -4*w + 20 = 2*c. Suppose -w*x + 81 = -2*x - 4*m, 108 = 4*x + 3*m. Suppose 0 = 2*j + j - x. List the prime factors of j.
3
List the prime factors of 7 - -18 - (-1 + 4).
2, 11
Suppose -5*u = q - 12 - 6, -2*q + 12 = 2*u. Suppose 0 = -r + u*r + 4*x - 30, 42 = 3*r + 3*x. List the prime factors of r.
13
Suppose 4*i + 5 = -43. Let k = -4 - i. List the prime factors of k.
2
Let l(o) = -o**2 + 6*o - 6. Let m be l(4). Let d(g) be the third derivative of 5*g**4/24 - g**3/6 - 2*g**2. What are the prime factors of d(m)?
3
Let r(i) = i**3 + 3*i**2 + i + 2. Let p be r(-2). Suppose p*a - 64 = 4*x, -6 = x + 2*x. What are the prime factors of a?
2, 7
Let d = 2 - -2. Suppose 3*o + 47 = d*m, 4*m + 3*o = -2*o + 71. List the prime factors of m.
2, 7
Let p = -58 - -82. Let f = 43 - p. What are the prime factors of f?
19
Let w = -1 - -1. Suppose w = -y + 21 + 17. Let u = -23 + y. What are the prime factors of u?
3, 5
Suppose -5*n + 9 + 1231 = 0. What are the prime factors of n?
2, 31
Suppose 9 = 5*b - 6. Suppose -b*h + 4 = -h. Suppose -3*a - 3*s + 42 = 0, -36 = -h*a - 8*s + 4*s. List the prime factors of a.
2, 5
Let t = -1 - -1. Suppose -4*i + t*i = -56. List the prime factors of i.
2, 7
Suppose 2*x + 4*j = 8 + 4, 0 = 3*x + 3*j - 24. What are the prime factors of x + -9 - (-5 - -2)?
2
Suppose 2*u = -4*m + 4, 3*u + 4*m = 1 + 5. Suppose u*t = -3*y + 62, 3*t + 5*y - y = 94. List the prime factors of t.
2, 17
Suppose 4*x = 5*t + 40, 7 - 19 = -3*t. List the prime factors of x.
3, 5
Let c(x) = -x + 32. Let v be c(0). Let l = v - 19. What are the prime factors of l?
13
Suppose -m + 3*f - 9 = 0, -f = -6 + 4. List the prime factors of m/((-9)/(-5) - 2).
3, 5
Let q be (-3)/(1 - 5/2). Suppose q*d + 0*d = 22. Suppose -13 = -3*a + d. List the prime factors of a.
2
Suppose 4 = -p + 2. Let m = 6 + p. What are the prime factors of m?
2
Suppose 2*h = 173 + 33. List the prime factors of h.
103
Suppose -g + 5*k + 217 = 0, 0 = g - 2*k + 33 - 235. What are the prime factors of g?
2, 3
Let y(g) = -g**3 - 2*g**2 + g + 1. Let c be y(-1). What are the prime factors of (31 + (-2 - c))/2?
3, 5
Let q(v) = v**2 - 3*v - 6. List the prime factors of q(-5).
2, 17
Let k = 4 + 6. What are the prime factors of k?
2, 5
Let q(k) = -3*k - 2. What are the prime factors of q(-4)?
2, 5
Suppose 3*r = -0*r + 6. What are the prime factors of r?
2
Suppose 2*r + 4 = 8. Let i be (3 - r)*-2 + 23. Let l = -12 + i. List the prime factors of l.
3
Suppose 2*t + t = -30. What are the prime factors of ((-16)/10)/(1/t)?
2
Let x(y) = -y**2 - 3*y + 10 - y + 13*y. What are the prime factors of x(8)?
2, 3
Let t be (-12)/8*(-4)/6. Suppose 0 = -k + 4*z + 17 + t, z = -1. What are the prime factors of k?
2, 7
Let z = -107 - -47. Let b = 15 - 19. What are the prime factors of 2/b - z/8?
7
Suppose 2 = -2*l + 4*l. What are the prime factors of ((-1)/l)/(3/(-36))?
2, 3
Let c(p) = p + 8. Let z be c(-6). Let j be (-2)/(-4)*4/z. Suppose m + i = -j, 0 = -m - 0*m - 3*i - 7. List the prime factors of m.
2
Let k = 9 - 15. Let r be (4/8)/((-7)/56). Let w = r - k. What are the prime factors of w?
2
What are the prime factors of 4/6 - (-104)/6?
2, 3
List the prime factors of (-3604)/(-36) - (-4)/(-36).
2, 5
Let y = 22 + -13. Let w(k) = -k**3 + 8*k**2 + 8*k + 8. Let n be w(y). What are the prime factors of -26*(n - 2/(-4))?
13
Let g = 413 + -275. What are the prime factors of g?
2, 3, 23
Suppose -5*d + 8 = -4*g, -5*g = -2*g - 3*d + 6. What are the prime factors of 16/10*(-5)/g?
2
Let i(j) be the first derivative of -1/2*j**2 + 1/3*j**3 - 3*j - 2. What are the prime factors of i(4)?
3
Suppose -4*o + 6*o = -30. List the prime factors of 25/(-15)*o*1.
5
List the prime factors of 1048/6 + 5/30*2.
5, 7
Let w be 0/3 - -1 - 19. Let b = w + 28. List the prime factors of b.
2, 5
Suppose -2*p + 0*x + 5*x = -39, -67 = -4*p - x. List the prime factors of p.
17
Suppose 2*a = 3*k - 10 - 12, -7 = -3*k - a. Suppose -3*p + 55 = -5*b, k*p - 4*b - 64 = -2*b. What are the prime factors of p?
3, 5
Suppose x + 200 = 6*x. Suppose -60 = -5*g + 3*t, 0 = 6*g - g + t - x. What are the prime factors of g?
3
Let u = 26 - 24. Let t(w) = 9*w**2 + w + 1. What are the prime factors of t(u)?
3, 13
Let o = 5 - -6. Suppose -3*f + 7 = -o. List the prime factors of -1 + 2*-1 + f.
3
Suppose 0 = 4*m - 53 - 79. Suppose 5*p = 2*p + m. List the prime factors of p.
11
Let x = 682 - 424. What are the prime factors of x?
2, 3, 43
What are the prime factors of -3 - (4 - (2 - -141))?
2, 17
Let u = -18 - -10. Let v = -234 + 124. What are the prime factors of v/u + (-3)/4?
13
Let z(n) be the first derivative of -n**3/3 - 7*n**2/2 - 2*n - 2. Let q = -21 - -18. What are the prime factors of z(q)?
2, 5
Let c(n) = n - 1. Suppose -1 = -5*s - 6. Let t be c(s). List the prime factors of (0 - (1 - -25))/t.
13
Suppose 5*w + 2*f + 65 = 8*w, 0 = 2*w + f - 48. List the prime factors of w.
23
Suppose 2*g + g = 3. Let j(d) = -d**2 - 4*d + 1. Let y be j(-2). Suppose -g = v - y. List the prime factors of v.
2
What are the prime factors of (-254)/(-3)*(-24 - -27)?
2, 127
Let w = -32 - -58. What are the prime factors of w/(-1 - (-20)/12)?
3, 13
Let a(n) = n**3 + 3*n**2 - 2*n - 1. List the prime factors of a(4).
103
Suppose -3*h - 2*y = -159, 4*h + 4*y = h + 153. What are the prime factors of 1220/h - (-2)/(-11)?
2, 11
Let l(w) = -2*w - 7. Let i be l(-6). Let a = i + -2. List the prime factors of a.
3
Suppose v + 2*v + 2 = -4*z, -3*z - 6 = 3*v. What are the prime factors of (-5 + v)/(-2 - -1)?
11
Suppose 5*u - 19 = 1. Suppose b = -0*v - 2*v + 28, -5*b = u*v - 68. List the prime factors of v.
2, 3
List the prime factors of (-2 - 1)/((-3)/107).
107
Let y(g) = g**3 + 2*g**2 - 2*g + 1. Let j be y(-5). Let s be (4/(-2))/(4/j). Suppose -3*k - 6 = 0, -3*k - s = -0*t - 2*t. What are the prime factors of t?
13
Let p(z) = z**2 + 6*z - 5. Let w be p(-8). Suppose w*x - 70 = 6*x. What are the prime factors of x?
2, 7
Suppose a = -1 + 6. Suppose 63 + 22 = a*x. What are the prime factors of x?
17
Let s be (-8)/(-5) - (-6)/15. Suppose 0 = -0*y + s*y - 2. List the prime factors of -1*27*y/(-3).
3
Suppose -5*x = -375 - 390. List the prime factors of x.
3, 17
Suppose -5*l - 52 = -4*i, -6 = -4*i + 2*l + 46. What are the prime factors of i?
13
Let u = 13 - 20. Let j = 23 + u. What are the prime factors of j?
2
Suppose -2*q - 1024 = -6*q. What are the prime factors of q?
2
What are the prime factors of (60/(-18))/((-4)/6)?
5
Suppose -5*i + 74 = -216. List the prime factors of i.
2, 29
Let x = 11 - 20. Let p = x - -19. List the prime factors of p.
2, 5
Let p be ((-9)/(-12))/((-1)/(-4)). Suppose 0 = -p*j - 2*j + 2*v + 220, 2*v = -3*j + 148. What are the prime factors of j?
2, 23
Suppose 3*t - t + 3*u = -1, 0 = 4*u + 12. Let p(l) = -l**2 + 6*l - 5. What are the prime factors of p(t)?
3
Suppose 4*p - 4 = 104. Suppose 63 + p = 5*s. List the prime factors of s.
2, 3
Let x(q) = q**2 - 8*q + 5. Let o be x(7). Let b = 4 + o. Suppose 2*d = -b*d + 24. List the prime factors of d.
2, 3
Suppose l = 73 + 12. Let k = l - 55. What are the prime factors of k?
2, 3, 5
Let o = 124 - 103. List the prime factors of o.
3, 7
Suppose 4 - 2 = 2*z. Let s(m) = 37*m**2 - 1. Let u be s(z). Suppose -2*i = i - u. List the prime factors of i.
2, 3
Let b = -3 - -25. What are the prime factors of b?
2, 11
Suppose o - 3*m - 75 = 6*o, 4*o + 60 = -2*m. What are the prime factors of 2/(-1 + -1)*o?
3, 5
Suppose 4*m - 8 = -v + 12, -3*v + 60 = -2*m. What are the prime factors of v?
2, 5
Let j = -7 - -53. What are the prime factors of j?
2, 23
Let f(d) = -d**3 - 10*d**2 - d + 1. Let i = -35 - -25. What are the prime factors of 